e the greatest common factor of 814 and 506.
22
Calculate the greatest common factor of 485696 and 192.
64
Calculate the greatest common factor of 6728 and 357976.
232
What is the highest common factor of 2965648 and 24?
8
What is the greatest common divisor of 938 and 97454?
14
Calculate the greatest common factor of 3255 and 67053.
651
Calculate the highest common divisor of 9773 and 986.
29
Calculate the greatest common divisor of 675 and 24948.
27
What is the greatest common divisor of 10 and 363365?
5
Calculate the highest common factor of 35945 and 1820.
455
What is the highest common factor of 97780 and 20?
20
Calculate the greatest common divisor of 738 and 16.
2
Calculate the highest common divisor of 22596336 and 1044.
1044
What is the greatest common divisor of 18 and 73158?
6
Calculate the greatest common factor of 893548 and 116.
116
What is the highest common divisor of 1348 and 2845628?
1348
What is the greatest common divisor of 10 and 504115?
5
Calculate the greatest common factor of 578612 and 1016.
508
What is the highest common factor of 4745052 and 13?
13
What is the greatest common factor of 3504 and 168411?
219
What is the highest common divisor of 1880 and 4747?
47
Calculate the greatest common factor of 6527 and 81679.
61
What is the greatest common divisor of 27210 and 90?
30
Calculate the greatest common factor of 71668 and 328.
164
Calculate the greatest common divisor of 4080 and 31680.
240
Calculate the highest common divisor of 1348 and 357557.
337
What is the greatest common divisor of 79 and 14723?
1
Calculate the greatest common factor of 724 and 2736.
4
What is the greatest common divisor of 12648 and 64056?
408
What is the highest common factor of 565425 and 1050?
525
Calculate the highest common factor of 50 and 272275.
25
What is the highest common divisor of 2340 and 1300?
260
Calculate the greatest common factor of 26055 and 21.
3
Calculate the greatest common factor of 69 and 4439.
23
Calculate the highest common factor of 111360 and 120.
120
Calculate the highest common factor of 320 and 693520.
80
Calculate the greatest common divisor of 195 and 569465.
65
Calculate the highest common divisor of 3200 and 175200.
800
Calculate the highest common factor of 42385 and 47775.
245
Calculate the highest common divisor of 3149 and 5494.
67
Calculate the highest common factor of 394603 and 2552.
319
What is the highest common divisor of 2268 and 24612?
84
What is the greatest common factor of 1815 and 259710?
165
Calculate the greatest common factor of 1148 and 31324.
164
Calculate the greatest common factor of 2000 and 443500.
500
Calculate the highest common divisor of 206617 and 5243.
107
Calculate the greatest common factor of 1148 and 1246.
14
What is the highest common divisor of 272756 and 1540?
44
Calculate the highest common divisor of 292 and 384.
4
What is the greatest common divisor of 105 and 112630?
35
Calculate the highest common divisor of 1920 and 915.
15
Calculate the highest common factor of 65 and 6253.
13
Calculate the highest common divisor of 505 and 78477.
101
What is the highest common divisor of 14 and 2032520?
14
What is the greatest common divisor of 255123 and 297?
297
What is the highest common factor of 175395 and 660?
165
What is the greatest common divisor of 1495 and 12305?
115
Calculate the greatest common factor of 820868 and 1956.
652
Calculate the greatest common factor of 626140 and 140.
20
Calculate the greatest common factor of 249 and 12.
3
Calculate the highest common factor of 126 and 32746.
14
Calculate the greatest common divisor of 20208 and 192.
48
What is the highest common factor of 142847 and 211?
211
What is the greatest common divisor of 26 and 591214?
26
Calculate the highest common factor of 256 and 214784.
256
Calculate the greatest common divisor of 96 and 291.
3
Calculate the highest common factor of 2133 and 37209.
237
Calculate the highest common factor of 228 and 684.
228
Calculate the greatest common divisor of 683 and 17717703.
683
What is the highest common factor of 4590 and 390?
30
What is the highest common divisor of 25862 and 6968?
134
Calculate the greatest common factor of 183607 and 356.
89
Calculate the greatest common factor of 543 and 5034.
3
Calculate the greatest common factor of 2030 and 1856.
58
What is the highest common factor of 648 and 42498?
54
Calculate the greatest common divisor of 2695 and 2123.
11
What is the highest common factor of 1904 and 9112?
136
Calculate the highest common factor of 3576 and 48.
24
What is the greatest common factor of 6887 and 47627?
97
What is the highest common divisor of 41346 and 234?
18
Calculate the greatest common divisor of 1063 and 1274537.
1063
What is the greatest common factor of 101829 and 273?
273
Calculate the highest common divisor of 232 and 8088.
8
What is the highest common factor of 600 and 47200?
200
Calculate the greatest common divisor of 1188 and 1133.
11
What is the greatest common divisor of 407 and 18611?
37
What is the greatest common factor of 323 and 10298?
19
Calculate the greatest common divisor of 3695681 and 374.
187
Calculate the highest common factor of 23214 and 47064.
318
What is the highest common factor of 392964 and 11?
11
Calculate the highest common factor of 3705 and 456.
57
What is the greatest common factor of 5282 and 36140?
278
Calculate the greatest common factor of 340 and 7870.
10
Calculate the highest common factor of 39004 and 3980.
796
Calculate the highest common factor of 22270 and 765.
85
Calculate the highest common factor of 16898 and 568.
142
What is the highest common divisor of 32281 and 1121?
19
Calculate the highest common factor of 7826 and 205153.
559
Calculate the highest common divisor of 2025951 and 19.
19
Calculate the greatest common divisor of 24855 and 60.
15
Calculate the greatest common divisor of 828 and 10228.
4
What is the greatest common divisor of 416 and 1960582?
26
What is the greatest common factor of 6368 and 3152?
16
Calculate the greatest common divisor of 31654 and 152.
38
Calculate the greatest common divisor of 9114 and 336.
42
What is the greatest common factor of 11462504 and 8?
8
Calculate the highest common factor of 1177 and 265039.
107
What is the highest common factor of 128 and 8112?
16
What is the highest common divisor of 39 and 2065596?
39
What is the greatest common divisor of 27272 and 644?
28
Calculate the greatest common divisor of 22 and 478643.
11
Calculate the highest common factor of 183090 and 1479.
51
Calculate the highest common factor of 79 and 66360.
79
What is the greatest common divisor of 42 and 16681?
7
Calculate the greatest common factor of 56 and 152026.
14
What is the greatest common factor of 80373 and 1468?
367
What is the highest common factor of 10188 and 468?
36
Calculate the greatest common divisor of 31831 and 695.
139
What is the highest common factor of 240752 and 41?
41
Calculate the highest common factor of 2509941 and 2961.
987
What is the greatest common factor of 1194 and 13?
1
What is the greatest common divisor of 10393 and 760?
19
What is the highest common divisor of 4744 and 568?
8
What is the highest common divisor of 442 and 78098?
34
Calculate the highest common factor of 11063 and 6509.
23
What is the greatest common divisor of 183 and 6071025?
183
What is the highest common divisor of 4157788 and 491?
491
Calculate the highest common divisor of 1524297 and 2781.
309
Calculate the highest common factor of 1106 and 2518.
2
What is the greatest common divisor of 14 and 696178?
14
Calculate the highest common factor of 1366 and 540253.
683
What is the highest common divisor of 93 and 8466069?
93
What is the highest common divisor of 96 and 159108?
12
What is the greatest common divisor of 297549 and 63?
63
What is the greatest common divisor of 51328 and 384?
128
What is the greatest common factor of 74119 and 83942?
893
Calculate the greatest common factor of 20724 and 1584.
132
What is the highest common divisor of 2352 and 4557?
147
Calculate the highest common divisor of 189 and 1617525.
63
What is the greatest common divisor of 44 and 342716?
44
What is the greatest common factor of 32969 and 1?
1
What is the highest common factor of 66317 and 166?
